{"id":192,"date":"2024-07-30T18:22:43","date_gmt":"2024-07-30T18:22:43","guid":{"rendered":"https:\/\/cofradiamazarron.es\/?page_id=192"},"modified":"2024-08-04T08:15:13","modified_gmt":"2024-08-04T08:15:13","slug":"transparencia","status":"publish","type":"page","link":"https:\/\/cofradiamazarron.es\/?page_id=192","title":{"rendered":"Transparencia"},"content":{"rendered":"\n<h2 class=\"wp-block-heading\" id=\"transparencia\"><strong>Ley de transparencia<\/strong><\/h2>\n\n\n\n<p><strong><em>La transparencia es un principio fundamental en cualquier sociedad democr\u00e1tica, que promueve la apertura, la responsabilidad y la rendici\u00f3n de cuentas. En este contexto, la Ley de Transparencia emerge como un marco legal esencial dise\u00f1ado para asegurar que las instituciones y organizaciones, tanto p\u00fablicas como privadas, operen con un alta nivel de claridad y accesibilidad en cuanto a su funcionamiento, toma de decisiones y uso de recursos.<\/em><\/strong><\/p>\n\n\n\n<p>La Ley de Transparencia establece directrices y obligaciones para la divulgaci\u00f3n proactiva de informaci\u00f3n, permitiendo a los ciudadanos y otras partes interesadas acceder a datos relevantes y comprender mejor el accionar de las entidades a las que afecta. Esta herramienta legislativa busca fortalecer la confianza entre los ciudadanos y las instituciones, fomentando una participaci\u00f3n informada y activa en la toma de decisiones que afectan a la comunidad.<\/p>\n\n\n\n<p>En el siguiente contexto, exploraremos los principios fundamentales de la Ley de Transparencia, su importancia en el buen gobierno y c\u00f3mo influye en la rendici\u00f3n de cuentas de diversas entidades, contribuyendo as\u00ed a una sociedad m\u00e1s justa&nbsp;&nbsp;y democr\u00e1tica.<\/p>\n\n\n\n<p><a href=\"https:\/\/www.boe.es\/buscar\/pdf\/2015\/BOE-A-2015-184-consolidado.pdf\">https:\/\/www.boe.es\/buscar\/pdf\/2015\/BOE-A-2015-184-consolidado.pdf<\/a><\/p>\n\n\n\n<p><strong>Recuerde que nosotros, como Cofrad\u00eda:<\/strong><\/p>\n\n\n\n<p>1.-. No tenemos obligaci\u00f3n de presentar cuentas anuales.<\/p>\n\n\n\n<p>2.- No ha realizado auditoria de las cuentas y de fiscalizaci\u00f3n.&nbsp;<\/p>\n\n\n\n<p><strong>Tenemos un&nbsp;<a href=\"https:\/\/cofradiamazarron.es\/wp-content\/uploads\/2024\/07\/convenio-ayuntamiento.pdf\" target=\"_blank\" rel=\"noreferrer noopener\">convenio con el Ayuntamiento de Mazarr\u00f3n<\/a>&nbsp;<\/strong><\/p>\n\n\n\n<p><strong>SUBVENCIONES<\/strong><\/p>\n\n\n\n<p>GALPEMUR (YA ESTAN PUBLICADAS A PARTIR DEL EJERCICIO 2022)<\/p>\n\n\n\n<p>AYUDAS DIRECTAS CONSEJERIA&nbsp;<\/p>\n\n\n\n<p>1.- La Cofrad\u00eda de Pescadores de Mazarr\u00f3n ha recibido una subvenci\u00f3n por valor de 25.000 Euros, seg\u00fan el Decreto 34\/2022, de 24 de marzo, por el que se aprueban las normas especiales reguladoras de una subvenci\u00f3n a otorgar de forma directa por la Consejer\u00eda de Agua, Agricultura, Ganader\u00eda, Pesca y Medio Ambiente a las Cofrad\u00edas de Pescadores de la Regi\u00f3n de Murcia, con el objetivo de contribuir a su funcionamiento como corporaci\u00f3n de derecho p\u00fablico.<\/p>\n\n\n\n<p>2.-La Cofrad\u00eda de Pescadores de Mazarr\u00f3n ha recibido una subvenci\u00f3n por valor de 50.000 Euros, seg\u00fan el Decreto 66\/2023, de 16 de marzo, por el que se aprueban las normas especiales reguladoras de una subvenci\u00f3n a otorgar mediante concesi\u00f3n directa por la Consejer\u00eda de Agua, Agricultura, Ganader\u00eda y Pesca a las Cofrad\u00edas de Pescadores de la Regi\u00f3n de Murcia, con el objetivo de contribuir a su funcionamiento como corporaciones de derecho p\u00fablico.<\/p>\n\n\n\n<p>3.- Por Decreto 437\/2023, de 21 de diciembre, por el que se aprueban las normas especiales reguladoras de una subvenci\u00f3n a otorgar mediante concesi\u00f3n directa por la Consejer\u00eda de Agua, Agricultura, Ganader\u00eda y Pesca a la Cofrad\u00eda de Pescadores de Mazarr\u00f3n, por importe de 50.000 Euros, con el objetivo de contribuir a su funcionamiento como corporaci\u00f3n de derecho p\u00fablico.<\/p>\n\n\n\n<p><strong>PESCA<\/strong><\/p>\n\n\n\n<p>Las modalidades de pesca que se representan en la Cofrad\u00eda de Pescadores de Mazarr\u00f3n son:<\/p>\n\n\n\n<p><strong>CERCO:<\/strong>&nbsp;&nbsp;<\/p>\n\n\n\n<p>Se entiende por arte de cerco una red de forma pr\u00f3xima a la rectangular, cuyos extremos terminan en pu\u00f1os, que circunda card\u00famenes de especies&nbsp;&nbsp;y se cierra por su parte inferior por medio de un cabo denominado jareta que pasa a trav\u00e9s de una serie de anillas a lo largo de la relinga inferior o burl\u00f3n y hace que la red pueda fruncirse y cerrarse, dando lugar al embolsamiento del pescado.<\/p>\n\n\n\n<p>&nbsp;La pesca con artes de cerco es la dirigida a la captura de peque\u00f1as especies pel\u00e1gicas (sardina, boquer\u00f3n, alacha, jurel, melva..) con una notable importancia econ\u00f3mica y social en el litoral del Mediterr\u00e1neo espa\u00f1ol.&nbsp;<\/p>\n\n\n\n<p>NORMATIVA:&nbsp;<\/p>\n\n\n\n<p><a href=\"https:\/\/www.mapa.gob.es\/es\/pesca\/legislacion\">https:\/\/www.mapa.gob.es\/es\/pesca\/legislacion<\/a><\/p>\n\n\n\n<p><strong>ARRASTRE:<\/strong>&nbsp;<\/p>\n\n\n\n<p>Se denomina \u201cArrastre de fondo\u201d, a la modalidad de pesca que se ejerce por un buque que, haciendo uso de la potencia motriz de su motor, remolcan, un arte de red&nbsp;&nbsp;dirigida a&nbsp;&nbsp;capturar peque\u00f1as especies demersales, principalmente merluza y salmonete, seguida de pulpo y la especie por excelencia Gamba Roja.<\/p>\n\n\n\n<p>NORMATIVA:<\/p>\n\n\n\n<p><a href=\"https:\/\/www.mapa.gob.es\/es\/pesca\/legislacion\">https:\/\/www.mapa.gob.es\/es\/pesca\/legislacion<\/a><\/p>\n\n\n\n<p><strong>ARTES MENORES<\/strong><\/p>\n\n\n\n<p>Es una modalidad practicada por peque\u00f1os barcos, la mayor\u00eda de menos de 12 metros de eslora, es la llamada PESCA ARTESANAL, y en esta modalidad se pueden clasificar:<\/p>\n\n\n\n<ol>\n<li>Artes de enmalle y\/o enredo.<\/li>\n\n\n\n<li>Artes de parada<\/li>\n\n\n\n<li>Artes de anzuelo<\/li>\n\n\n\n<li>Artes de trampa<\/li>\n<\/ol>\n\n\n\n<p>NORMATIVA:&nbsp;<\/p>\n\n\n\n<p><a href=\"https:\/\/www.mapa.gob.es\/es\/pesca\/legislacion\">https:\/\/www.mapa.gob.es\/es\/pesca\/legislacion<\/a><\/p>\n\n\n\n<p>Como el ejercicio de la pesca&nbsp;&nbsp;de esta modalidad se lleva a cabo, casi de forma exclusiva, en aguas interiores de la Regi\u00f3n de Murcia, las principales modalidades se encuentran reguladas por normativa de la propia Comunidad Aut\u00f3noma de la Regi\u00f3n de Murcia.<\/p>\n\n\n\n<p>Orden de 21 de Septiembre de 2023 de la Consejer\u00eda de Agua, Agricultura, Ganader\u00eda y Pesca por la que se regula la pesquer\u00eda del&nbsp;<strong>chanquete (<\/strong><em>Aphia Minuta<\/em>) en aguas interiores de la Regi\u00f3n de Murcia.&nbsp;<\/p>\n\n\n\n<p>Orden de 6 de diciembre, CARM, regula la pesca con el arte de&nbsp;<strong>moruna<\/strong>&nbsp;en aguas interiores de la Regi\u00f3n de Murcia.<\/p>\n\n\n\n<p>Orden de 5 de mayo de 1993, por la que se regula una&nbsp;<strong>autorizaci\u00f3n polivalente<\/strong>&nbsp;para determinados Artes Menores para el ejercicio de la pesca.<\/p>\n\n\n\n<p>Orden 30 de abril de 2014, modificada por Orden de 25 de mayo de 2021 de la Consejer\u00eda de Agua, Agricultura, Ganader\u00eda, Pesca y Medio Ambiente, por el que se regula&nbsp;<strong>la pesca artesanal del pulpo<\/strong>&nbsp;en aguas de la Comunidad Aut\u00f3noma de&nbsp;&nbsp;la Regi\u00f3n de Murcia.<\/p>\n\n\n\n<p>Orden de 1 de Octubre de 2013, por la que se modifica la Orden de 3 de julio de 2007, por la que se regula el periodo de descanso semanal para el calamento de los artes fijos de pesca utilizados para la flota de artes menores.&nbsp;<\/p>\n\n\n\n<p>Decreto 32\/2016, de 4 de mayo, por el que se regula el sistema de localizaci\u00f3n y seguimiento de embarcaciones pesqueras (TETRAPES) en aguas de la Regi\u00f3n de Murcia.<\/p>\n\n\n\n<p><strong>FLOTA PESQUERA<\/strong><\/p>\n\n\n\n<p>Para consultar el estado y caracter\u00edsticas de la flota pesquera&nbsp;&nbsp;se puede acceder al censo de la flota pesquera operativa del Ministerio de Agricultura, Pesca y Alimentaci\u00f3n y la CARM.&nbsp;<\/p>\n\n\n\n<p><a href=\"https:\/\/www.mapa.gob.es\/es\/pesca\/temas\/registro-flota\">https:\/\/www.mapa.gob.es\/es\/pesca\/temas\/registro-flota<\/a><\/p>\n\n\n\n<p><a href=\"https:\/\/www.carm.es\/web\/descarga?ARCHIVO=FLOTA%20CENSADA%202022.pdf&amp;ALIAS=ARCH&amp;IDCONTENIDO=187412&amp;IDTIPO=60&amp;RASTRO=c494$m22084,22085\">https:\/\/www.carm.es\/web\/descarga?ARCHIVO=FLOTA%20CENSADA%202022.pdf&amp;ALIAS=ARCH&amp;IDCONTENIDO=187412&amp;IDTIPO=60&amp;RASTRO=c494$m22084,22085<\/a><\/p>\n\n\n\n<p><strong>CAPTURAS<\/strong><\/p>\n\n\n\n<p><a href=\"https:\/\/www.carm.es\/web\/descarga?ARCHIVO=CAPTURAS%20POR%20MODALIDAD%20DE%20PESCA%202022.pdf&amp;ALIAS=ARCH&amp;IDCONTENIDO=187463&amp;IDTIPO=60&amp;RASTRO=c494$m22084,22198\">https:\/\/www.carm.es\/web\/descarga?ARCHIVO=CAPTURAS%20POR%20MODALIDAD%20DE%20PESCA%202022.pdf&amp;ALIAS=ARCH&amp;IDCONTENIDO=187463&amp;IDTIPO=60&amp;RASTRO=c494$m22084,22198<\/a><\/p>\n\n\n\n<p><strong>AREAS PROTEGIDAS<\/strong><\/p>\n\n\n\n<p>En nuestra costa contamos con LA RESERVA MARINA DE INTERES PESQUERO DE CABO TI\u00d1OSO<\/p>\n\n\n\n<p>Fue declarada mediante Decreto 81\/2016, de 27 de julio, por la Consejer\u00eda de Agua, Agricultura y Medio Ambiente de la CARM, como medida prioritaria de las pol\u00edticas de pesca mar\u00edtima no solo a nivel nacional sino tambi\u00e9n en el \u00e1mbito comunitario e internacional para la protecci\u00f3n general de los ecosistemas marinos, y en particular de aqu\u00e9llos que influyen de forma determinante en la conservaci\u00f3n y regeneraci\u00f3n de los recursos pesqueros.<\/p>\n\n\n\n<p>Por orden de 15 de junio de 2021, de la Consejer\u00eda de Agua, Agricultura, Ganader\u00eda, Pesca y Medio Ambiente se encuentra regulada la pesca mar\u00edtima profesional en el \u00e1mbito de la Reserva Marina de Inter\u00e9s Pesquero de Cabo Ti\u00f1oso.<\/p>\n\n\n\n<p><strong>INSTALACIONES:<\/strong><\/p>\n\n\n\n<p><strong>LONJA DE PESCADOS:<\/strong><\/p>\n\n\n\n<p>Es un bien de dominio p\u00fablico ubicada en el puerto pesquero de Mazarr\u00f3n&nbsp;&nbsp;que la Cofrad\u00eda de Pescadores de Mazarr\u00f3n explota&nbsp;&nbsp;mediante concesi\u00f3n administrativa<\/p>\n\n\n\n<p><strong>Concesi\u00f3n administrativa \u201cAqu\u00ed\u201d<\/strong><\/p>\n\n\n\n<p>Es la instalaci\u00f3n para la exposici\u00f3n y primera venta de los productos pesqueros frescos tras su desembarque de los mismos procedentes de la pesca de bajura.<\/p>\n\n\n\n<p>Horario de desembarque autorizado: de Lunes a Viernes desde las 8,00 horas a las 19,00 horas.<\/p>\n\n\n\n<p>Se trata de un punto de control autorizado por la Consejer\u00eda de Agricultura y Agua.<\/p>\n\n\n\n<p>Nuestra lonja fue objeto de un proyecto de modernizaci\u00f3n subvencionado por GALPEMUR, en la que se incorpor\u00f3 un car\u00e1cter de centro de interpretaci\u00f3n vivo aprovechando la oportunidad del centro log\u00edstico existente, para potenciar su visibilidad y promocionar el patrimonio cultural ligado a la pesca, con fines tur\u00edsticos y educativos.<\/p>\n\n\n\n<p>Adem\u00e1s se dot\u00f3 de una identificaci\u00f3n comercial con fines publicitarios y de comunicaci\u00f3n, creando un logotipo.<\/p>\n\n\n\n<p>Se trata de una lonja adaptada a las necesidades de la flota dotada de f\u00e1brica de hielo, c\u00e1mara de fr\u00edo, b\u00e1sculas homologadas de pesaje, transpaletas, cervis, subasta electr\u00f3nica, \u2026 todo un conjunto de equipos que hacen posible descarga, pesaje, mantenimiento,&nbsp;&nbsp;subasta,&nbsp;&nbsp;carga para transporte y control administrativo y de trazabilidad tal y como establece la normativa.<\/p>\n\n\n\n<p><strong>VARADERO:&nbsp;<\/strong><\/p>\n\n\n\n<p>Es un bien de dominio p\u00fablico ubicado en el puerto pesquero de Mazarr\u00f3n&nbsp;&nbsp;que la Cofrad\u00eda de Pescadores de Mazarr\u00f3n explota&nbsp;&nbsp;mediante concesi\u00f3n administrativa<strong>&nbsp;(actualmente en tr\u00e1mite tras la caducidad de la anterior autorizaci\u00f3n)<\/strong><\/p>\n\n\n\n<p>Es la instalaci\u00f3n donde se lleva a cabo la reparaci\u00f3n y mantenimiento de las embarcaciones pesqueras, dotado de un traveling que permite la puesta en seco de embarcaciones&nbsp;<strong>hasta 120 TONELADAS<\/strong>&nbsp;&nbsp;y una gr\u00faa fija con una capacidad para barcos&nbsp;<strong>hasta 5 TONELADAS.<\/strong><\/p>\n\n\n\n<p>Los servicios que ofrece el Varadero son:<\/p>\n\n\n\n<p>IZADA Y BOTADURA EMBARCACIONES<\/p>\n\n\n\n<p>LIMPIEZA DE FONDOS<\/p>\n\n\n\n<p>APLICACI\u00d3N PATENTE<\/p>\n\n\n\n<p>COLOCACION ANODOS<\/p>\n\n\n\n<p>OFERTA DE MATERIALES, PINTURAS, PATENTE, BATERIAS, ANODOS,\u2026..<\/p>\n\n\n\n<p>SERVICIOS PRIVADOS DE: ELECTRICIDAD, CALAFATE Y MECANICO<\/p>\n\n\n\n<p><strong>NAVE TALLER&nbsp;<\/strong><\/p>\n\n\n\n<p>&nbsp;Es un bien de dominio p\u00fablico ubicado en el puerto pesquero de Mazarr\u00f3n&nbsp;&nbsp;que la Cofrad\u00eda de Pescadores de Mazarr\u00f3n explota&nbsp;&nbsp;mediante concesi\u00f3n administrativa<strong>&nbsp;(actualmente en tr\u00e1mite tras la caducidad de la anterior autorizaci\u00f3n)<\/strong><\/p>\n\n\n\n<p>Es una nave taller que complementa los servicios del varadero principalmente para la reparaci\u00f3n y mantenimiento de motores marinos.<\/p>\n\n\n\n<p><strong>NAVE CERRADA REDES DE PESCA<\/strong><\/p>\n\n\n\n<p>&nbsp;Es un bien de dominio p\u00fablico ubicado en el puerto pesquero de Mazarr\u00f3n (ley portuaria) que la Cofrad\u00eda de Pescadores de Mazarr\u00f3n explota&nbsp;&nbsp;mediante concesi\u00f3n administrativa.<\/p>\n\n\n\n<p>CONCESION&nbsp;<strong>\u201cAQU\u00cd\u201d<\/strong><\/p>\n\n\n\n<p>Se dedica al almacenamiento y reparaci\u00f3n de redes de pesca, principalmente utilizado por la modalidad de cerco.<\/p>\n\n\n\n<p><strong>NAVE PARA ALMACEN<\/strong><\/p>\n\n\n\n<p>&nbsp;Es un bien de dominio p\u00fablico ubicado en el puerto pesquero de Mazarr\u00f3n&nbsp;&nbsp;que la Cofrad\u00eda de Pescadores de Mazarr\u00f3n explota&nbsp;&nbsp;mediante concesi\u00f3n administrativa.<\/p>\n\n\n\n<p>CONCESION&nbsp;<strong>\u201cAQU\u00cd\u201d<\/strong><\/p>\n\n\n\n<p>Se dedica como almac\u00e9n para envases y aceites hidr\u00e1ulicos, as\u00ed mismo se guardan los veh\u00edculos y Cervis propiedad de la Cofrad\u00eda de Pescadores.<\/p>\n\n\n\n<p><strong>HORARIOS:<\/strong><\/p>\n\n\n\n<p>OFICINA SECRETAR\u00cdA<\/p>\n\n\n\n<p>Lunes a Viernes&nbsp; &nbsp;&nbsp;8,00-15,00&nbsp;<\/p>\n\n\n\n<p>S\u00e1bados 8,00-13,00<\/p>\n\n\n\n<p>OFICINA LONJA<\/p>\n\n\n\n<p>Lunes a Viernes&nbsp;&nbsp;&nbsp;7,00 a 13,00<\/p>\n\n\n\n<p>16,30 a 18,30<\/p>\n\n\n\n<p>FABRICA DE HIELO<\/p>\n\n\n\n<p>Lunes a Viernes&nbsp;&nbsp;&nbsp;8,00 a 13,00<\/p>\n\n\n\n<p>16,30 a 18,30&nbsp;<\/p>\n\n\n\n<p>S\u00e1bados&nbsp;&nbsp;&nbsp;8,00 a 13,00&nbsp;<\/p>\n\n\n\n<p>VARADERO<\/p>\n\n\n\n<p>Lunes a Viernes&nbsp; &nbsp;&nbsp;7,00 a 13,00&nbsp;<\/p>\n\n\n\n<p>16,30 a 18,30\u00a0<\/p>\n\n\n\n<h2 class=\"wp-block-heading\" id=\"formulario\"><strong>Formulario de Transparencia<\/strong><\/h2>\n\n\n<style id=\"wpforms-css-vars-212-block-223a27bc-f6ba-481b-8bfc-21edf6ba845d\">\n\t\t\t\t#wpforms-212.wpforms-block-223a27bc-f6ba-481b-8bfc-21edf6ba845d {\n\t\t\t\t--wpforms-label-color: #262626;\n--wpforms-label-sublabel-color: #7f7f7f;\n--wpforms-label-error-color: #ff0000;\n--wpforms-page-break-color: #dddddd;\n--wpforms-field-border-radius: 0px;\n--wpforms-field-border-color: #cccccc;\n--wpforms-field-border-color-spare: #cccccc;\n--wpforms-field-text-color: #444444;\n--wpforms-button-border-style: solid;\n--wpforms-button-border-radius: 0px;\n--wpforms-button-background-color: #dddddd;\n--wpforms-button-text-color: #666666;\n--wpforms-button-border-color: #cccccc;\n--wpforms-field-size-input-height: 50px;\n--wpforms-field-size-input-spacing: 20px;\n--wpforms-field-size-font-size: 18px;\n--wpforms-field-size-line-height: 21px;\n--wpforms-field-size-padding-h: 14px;\n--wpforms-field-size-checkbox-size: 18px;\n--wpforms-field-size-sublabel-spacing: 10px;\n--wpforms-field-size-icon-size: 1.25;\n--wpforms-label-size-font-size: 14px;\n--wpforms-label-size-line-height: 17px;\n--wpforms-label-size-sublabel-font-size: 13px;\n--wpforms-label-size-sublabel-line-height: 16px;\n--wpforms-button-size-font-size: 17px;\n--wpforms-button-size-height: 41px;\n--wpforms-button-size-padding-h: 15px;\n--wpforms-button-size-margin-top: 10px;\n\t\t\t}\n\t\t\t<\/style><div class=\"wpforms-container wpforms-container-full wpforms-block wpforms-block-223a27bc-f6ba-481b-8bfc-21edf6ba845d wpforms-render-modern\" id=\"wpforms-212\"><form id=\"wpforms-form-212\" class=\"wpforms-validate wpforms-form wpforms-ajax-form\" data-formid=\"212\" method=\"post\" enctype=\"multipart\/form-data\" action=\"\/index.php?rest_route=%2Fwp%2Fv2%2Fpages%2F192\" data-token=\"af2fe39e96e90ad6199e05e121edda9c\" data-token-time=\"1777903336\"><noscript class=\"wpforms-error-noscript\">Por favor, activa JavaScript en tu navegador para completar este formulario.<\/noscript><div id=\"wpforms-error-noscript\" style=\"display: none;\">Por favor, activa JavaScript en tu navegador para completar este formulario.<\/div><div class=\"wpforms-field-container\"><div id=\"wpforms-212-field_0-container\" class=\"wpforms-field wpforms-field-name\" data-field-id=\"0\"><fieldset><legend class=\"wpforms-field-label\">Nombre <span class=\"wpforms-required-label\" aria-hidden=\"true\">*<\/span><\/legend><div class=\"wpforms-field-row wpforms-field-medium\"><div class=\"wpforms-field-row-block wpforms-first wpforms-one-half\"><input type=\"text\" id=\"wpforms-212-field_0\" class=\"wpforms-field-name-first wpforms-field-required\" name=\"wpforms[fields][0][first]\" aria-errormessage=\"wpforms-212-field_0-error\" required><label for=\"wpforms-212-field_0\" class=\"wpforms-field-sublabel after\">Nombre<\/label><\/div><div class=\"wpforms-field-row-block wpforms-one-half\"><input type=\"text\" id=\"wpforms-212-field_0-last\" class=\"wpforms-field-name-last wpforms-field-required\" name=\"wpforms[fields][0][last]\" aria-errormessage=\"wpforms-212-field_0-last-error\" required><label for=\"wpforms-212-field_0-last\" class=\"wpforms-field-sublabel after\">Apellidos<\/label><\/div><\/div><\/fieldset><\/div><div id=\"wpforms-212-field_3-container\" class=\"wpforms-field wpforms-field-text\" data-field-id=\"3\"><label class=\"wpforms-field-label\" for=\"wpforms-212-field_3\">Asunto <span class=\"wpforms-required-label\" aria-hidden=\"true\">*<\/span><\/label><input type=\"text\" id=\"wpforms-212-field_3\" class=\"wpforms-field-medium wpforms-field-required\" name=\"wpforms[fields][3]\" aria-errormessage=\"wpforms-212-field_3-error\" required><\/div><div id=\"wpforms-212-field_1-container\" class=\"wpforms-field wpforms-field-email\" data-field-id=\"1\"><label class=\"wpforms-field-label\" for=\"wpforms-212-field_1\">Correo electr\u00f3nico <span class=\"wpforms-required-label\" aria-hidden=\"true\">*<\/span><\/label><input type=\"email\" id=\"wpforms-212-field_1\" class=\"wpforms-field-medium wpforms-field-required\" name=\"wpforms[fields][1]\" spellcheck=\"false\" aria-errormessage=\"wpforms-212-field_1-error\" required><\/div><div id=\"wpforms-212-field_2-container\" class=\"wpforms-field wpforms-field-textarea\" data-field-id=\"2\"><label class=\"wpforms-field-label\" for=\"wpforms-212-field_2\">Comentario o mensaje<\/label><textarea id=\"wpforms-212-field_2\" class=\"wpforms-field-medium\" name=\"wpforms[fields][2]\" aria-errormessage=\"wpforms-212-field_2-error\" ><\/textarea><\/div><\/div><!-- .wpforms-field-container --><div class=\"wpforms-submit-container\" ><input type=\"hidden\" name=\"wpforms[id]\" value=\"212\"><input type=\"hidden\" name=\"page_title\" value=\"\"><input type=\"hidden\" name=\"page_url\" value=\"https:\/\/cofradiamazarron.es\/index.php?rest_route=\/wp\/v2\/pages\/192\"><input type=\"hidden\" name=\"url_referer\" value=\"\"><button type=\"submit\" name=\"wpforms[submit]\" id=\"wpforms-submit-212\" class=\"wpforms-submit\" data-alt-text=\"Enviando...\" data-submit-text=\"Enviar\" aria-live=\"assertive\" value=\"wpforms-submit\">Enviar<\/button><img loading=\"lazy\" decoding=\"async\" src=\"https:\/\/cofradiamazarron.es\/wp-content\/plugins\/wpforms-lite\/assets\/images\/submit-spin.svg\" class=\"wpforms-submit-spinner\" style=\"display: none;\" width=\"26\" height=\"26\" alt=\"Cargando\"><\/div><\/form><\/div>  <!-- .wpforms-container -->","protected":false},"excerpt":{"rendered":"<p>Ley de transparencia La transparencia es un principio fundamental en cualquier sociedad democr\u00e1tica, que promueve la apertura, la responsabilidad y la rendici\u00f3n de cuentas. En este contexto, la Ley de Transparencia emerge como un marco legal esencial dise\u00f1ado para asegurar que las instituciones y organizaciones, tanto p\u00fablicas como privadas, operen con un alta nivel de &hellip; <\/p>\n<p class=\"link-more\"><a href=\"https:\/\/cofradiamazarron.es\/?page_id=192\" class=\"more-link\">Continuar leyendo<span class=\"screen-reader-text\"> \u00abTransparencia\u00bb<\/span><\/a><\/p>\n","protected":false},"author":1,"featured_media":0,"parent":0,"menu_order":0,"comment_status":"closed","ping_status":"closed","template":"","meta":{"footnotes":""},"_links":{"self":[{"href":"https:\/\/cofradiamazarron.es\/index.php?rest_route=\/wp\/v2\/pages\/192"}],"collection":[{"href":"https:\/\/cofradiamazarron.es\/index.php?rest_route=\/wp\/v2\/pages"}],"about":[{"href":"https:\/\/cofradiamazarron.es\/index.php?rest_route=\/wp\/v2\/types\/page"}],"author":[{"embeddable":true,"href":"https:\/\/cofradiamazarron.es\/index.php?rest_route=\/wp\/v2\/users\/1"}],"replies":[{"embeddable":true,"href":"https:\/\/cofradiamazarron.es\/index.php?rest_route=%2Fwp%2Fv2%2Fcomments&post=192"}],"version-history":[{"count":6,"href":"https:\/\/cofradiamazarron.es\/index.php?rest_route=\/wp\/v2\/pages\/192\/revisions"}],"predecessor-version":[{"id":218,"href":"https:\/\/cofradiamazarron.es\/index.php?rest_route=\/wp\/v2\/pages\/192\/revisions\/218"}],"wp:attachment":[{"href":"https:\/\/cofradiamazarron.es\/index.php?rest_route=%2Fwp%2Fv2%2Fmedia&parent=192"}],"curies":[{"name":"wp","href":"https:\/\/api.w.org\/{rel}","templated":true}]}}